(3 + -12))?
-11
What is 4 - 25 - -17 - (-14 + 0 + -6)?
16
Calculate -1 + -1 - (76 + -9 - 139).
70
What is the value of (0 - (-1 - 3)) + (-1055 - -1016) + (22 - 0)?
-13
Evaluate -15 + -43 + (10 - (2 + (21 - 16))).
-55
Calculate (23 - 37 - 14) + -37 + -8.
-73
What is the value of (16 + 0 + -2 - (-1820 + 1835)) + (-23 - 3)?
-27
What is -4 + (-10 - (-70 - (-23 - -10))) - 12?
31
What is the value of 1 + 12 + (-56 - -12 - (120 - 72))?
-79
What is the value of (1 - -18) + (-123 - -49) + (0 - -1)?
-54
-337 + 314 + 28 + 5 - (-2 - (0 - -64))
76
Evaluate -2 + 9 + (10 - 1 - 15) + -6 + 36.
31
-117 + 35 + (-29 - 12)
-123
Evaluate (-7 - -75) + -33 - ((-5 - -4 - 3) + -2).
41
What is -28 - (2 + 15 + (-19 - (2 + -13)))?
-37
(-98 - -103) + (5 - 8 - 53)
-51
What is the value of 9 + (3 - (-1 - -9)) + 57 + -40 + -8?
13
Calculate (19 + -27 - -15) + 20.
27
Evaluate -191 + (37 - -40) - (2 - 29).
-87
Evaluate -5 - ((-7 - 43) + (36 - 31)) - (-5 + 0).
45
Evaluate (-3 + 6 - 29) + -12 + 0 + 5.
-33
Calculate -108 - -4 - (-905 + 732).
69
What is 13 - (-9 + 9 + -23 - 25)?
61
What is -1 + -5 - (68 + -47 + 8)?
-35
What is (1 - -2 - (8 + -28)) + (94 - (54 + 46))?
17
What is the value of 0 + -3 + 3 + (-25 - -22) + -3?
-6
What is the value of -2 + (-14 - -3) - (191 + -130 - 164)?
90
Evaluate (1 + -25 + 38 - 6) + (-2 + -29 - 1).
-24
-124 + 124 + 1 + (4 - 55) - 15
-65
13 + -2 + 397 + -418 + 13
3
Calculate 13 + (71 + 5 - (32 - (29 - 8))).
78
(-8 - -61) + -92 + -39
-78
What is (-17 + -8 - -2 - -9) + -2 + 73?
57
Evaluate -15 + -24 - -49 - 2.
8
Calculate -1 - 5 - (47 + -21 + -25 - (13 + 2)).
8
Evaluate 78 + 42 + (-25 + 20 - (0 - 26)).
141
Evaluate -8 - (-94 + -19) - (32 + -13).
86
Evaluate -13619 + 13501 - (0 - 48).
-70
Evaluate 7 - (4 + -5) - (114 - (35 - 6 - 5)).
-82
What is the value of (-69 - -62) + (6 - (-42 - 2))?
43
Calculate -2 - (-105 - -3) - (-239 + 245 + 0 + 8).
86
Calculate (4 - -1) + (27 + -2 - (-639 + 645)).
24
What is the value of (63 - 0) + (23 - -1 - 42)?
45
What is (-23 - -25 - -34) + (-14 - -16)?
38
What is -11 - (3 + -1) - (-55 + -6 + 10)?
38
Calculate 21 + (-16 - -25 - (52 - (26 - 28))).
-24
Calculate 26 + -7 + (3 + 2 - 5) - 3.
16
-14 - (54 - (10 - 13 - 6) - -15) - 13
-105
What is the value of -23 + (7 - (-19 - (14 + -30))) + 43?
30
-29 + 7 + 27 + (8 - -4)
17
Calculate -2 - (-86 + (-71 - -100)).
55
What is -51 - (6 - ((12 - (2 + (-1 - -16))) + 6))?
-56
(-9 - (4 + -4) - -4) + (10 - 2) + -34
-31
What is 20 + (42 + (-22 - -118) - 20)?
138
What is -48 - (31 + (-17 - (21 + -19)))?
-60
What is -41 + 31 - -5 - 6?
-11
Calculate (2 - (9 - 2)) + (1961 - 1926).
30
Calculate -122 + (22 - (-24 + -17)) + -18.
-77
Evaluate -14 + -1 + (-5 - (469 - 492 - (1 + -12))).
-8
76 - ((-10 + 9 - 9) + 16 - -7)
63
Calculate (26060 - 26195) + 118 + -1.
-18
Calculate -53 - 1 - (-934 + 898).
-18
What is (-17 - -10) + (-1 - (2 + 3)) + (-257 - -374)?
104
What is -32 + (28 - -79) - 161?
-86
(3 - -41) + (-127 - -124) + 5
46
What is the value of 174 - 132 - (3 + 59 + -11)?
-9
Evaluate 1 - 52 - ((113 - 247) + 111).
-28
What is -35 - (23 + (-53 - -14) - (-7 - 1))?
-27
10 + 115 - (5 - -11)
109
What is the value of -7 + -3 - (-3 - 0) - (-3 - -15 - 16)?
-3
Evaluate -6 - (-10 + (-9 - ((-1 - -8) + -14))).
6
(-7 - (11 + (-9 - -5)) - -15) + -28
-27
112 - 82 - (41 - 5) - (-52 - 1)
47
Calculate 2 + -23 + (-41 - -60) + 8 + (-16 - 6).
-16
Calculate (46 - 54 - -118) + -182.
-72
What is the value of -1 + 3 + (74 - 62) - -24 - 3?
35
What is 59 + -63 - (3 + -38)?
31
-49 - (17 + -23) - (6 + -8)
-41
Calculate (35 + -79 - -17 - 63) + 31.
-59
Calculate (54 - 43) + (-1 - 53) - 17.
-60
Evaluate (85 - (2 - -6)) + (-6 - (9 + -11 + 7)).
66
Calculate -127 + -11 + 17 - (-49 - -15).
-87
Evaluate 1 + -43 + 1 + (7 - (2 - 7)).
-29
What is -29 + 15 + 8 - (-1 + (-2 - 1) + -14)?
12
Calculate -3 - -32 - (20 + -2 + -8 + 12).
7
Calculate -51 + -2 + -12 + 22 + -12.
-55
-4 - 0 - 1 - (-18 + -33 - -46 - -8)
-8
-12 - (6 - (-21 - 23)) - -17
-45
976 + -962 - (-17 - (2 - 4))
29
What is 60 + (-2 - -3) - (6 + 3 + 2 + -10)?
60
What is the value of (21 - (-6 - -7) - 9) + -35?
-24
What is (-13 - -3) + (-43 - -21 - -6)?
-26
What is the value of 4 - (9 + -15) - ((-18 - -89) + (-5 - 4))?
-52
Evaluate (41 - -50) + -81 - (5 + 1 - (-11 + 13)).
6
9 - (18 - 2 - 8 - (-38 - (2 - 1)))
-38
Evaluate -6 - -17 - (3 + 14 + -20 + 41).
-27
What is -8 + (3 - (-4 + 14) - 16)?
-31
Evaluate (5 - (5 + -8)) + (32 - 7) + -7.
26
What is the value of 5 + (1 - 83) - (65 - 59) - -16?
-67
What is (-95 - -20 - -31) + 10?
-34
Calculate -53 + 7 + 41 + -52.
-57
What is 0 + 15 + (-23 - -21) + -83?
-70
Calculate (3 - (90 - (-4 + -14 - -7 - 2))) + -1.
-101
What is -1 - 15 - (-49 - 1 - (1885 - 1821))?
98
Calculate -23 + -25 + 79 + 3 + -9.
25
What is (-107 - (-64 + 10)) + 100?
47
47 - ((-3 - 4) + 13 + -17 + 3) - 2
53
What is the value of (5 - 82) + ((-7 - -4) + 10 + 8 - 12)?
-74
Calculate 2 + 46 + -176 + 54 + 151.
77
What is the value of -13 - 0 - ((25 - (16 + -9)) + -7 + -30)?
6
What is the value of 6 - (12 + 9) - (60 + (3 - 0 - 6))?
-72
What is (21 - (8 - (-20 - -7))) + 8?
8
Calculate -88 + ((6 - 17) + 27 - 7) + 19.
-60
Calculate -17 + (-7 + 1 - 0) + -4.
-27
What is the value of 28 - ((-46 - -129) + -46)?
-9
What is the value of 86 + (18 - (-2 + 1)) + (1832 - 1845)?
92
Calculate (70 - 66) + -17 + 16.
3
Calculate 26 + 28 + -21 - 74.
-41
Evaluate 41 + (1 + -13 - (-627 - -621)).
35
0 + -3 + ((4 - 3) + -10 + 21 - -75)
84
(-8 + -3 - (8 - 8)) + 1
-10
What is -121 + -4 + (21 - (30 - 3)) + -19?
-150
Calculate 0 - (1 - -4) - (-2 - -6 - (49 + 28)).
68
What is -65 + 32 - (-13 - 2)?
-18
What is the value of 8 + (341 - 343) + -11 + -1?
-6
What is -58 + (3 - 9 - -12) + 14?
-38
Evaluate 0 - 1 - (82 - 63) - (-163 - -156).
-13
What is the value of -53 - -2 - (-23 + (-39 - -18) + 59)?
-66
What is the value of 81 - 62 - (120 + -17 + 7)?
-91
What is the value of (-11 - (-4 + 14 - 16 - 66)) + (-13 - -3)?
51
Evaluate 29 - (6 + -9 + (-42 - -145)).
-71
Calculate 46 + (18 + -65 - 0).
-1
What is -3 - ((14 - 25) + 21 - -3)?
-16
What is (89 - (-54 + 120)) + -73?
-50
What is the value of 43 + -83 + 28 - -42?
30
1 - (-29 + 95) - -89
24
Evaluate 22 + (-23 - 27) - (20 + 4).
-52
Evaluate -18 - 0 - (-136 + 73 - -10).
35
What is -10 - -38 - ((0 - 8) + -171 + 163)?
44
Calculate -12 - ((14 - 6) + 3 + 3 + -39).
13
What is -5 + -2 + 6 - (-10 + (17 - 7))?
-1
What is (516 - 459) + (-2 + 3 - 21)?
37
What is -67 - (-19 + 76 + -83 + (47 - 0))?
-88
What is the value of 37 - (-10 - (1 - 1) - (518 + -518))?
47
What is -13 - (-244 + 260 - (21 + -1))?
-9
What is the value of 51 + -31 + (-11 - -1 - -19 - 5) + 0?
24
What is the value of -3 + 13 + -3 + (-16 + 17 - 2) + -47?
-41
Calculate 3 + 18 + -2 + (3 - 18).
4
Evaluate -72 + (-3 - (-7 - 8)) + -8 + 6 + -4.
-66
Evaluate (-37 - -24) + -11 + (-4 - -7) + -4.
-25
What is (-1 - -3 - 9 - -9) + (47 - 78)?
-29
What is the value of 3 + -3 + -7 + 3 + 3 - (7 + 2)?
-10
What is 15 + -153 + 50 + -3 + -10?
-101
Calculate -3 + -8 + 43 + -32 + -34.
-34
12 + (-41 - (-73 - (-12 + -13)))
19
-43 + (-6 - -53) + -22 - 43
-61
Evaluate 59 + -77 + 5 + 1 + -46 - -9.
-49
Evaluate (-4 - -12 - 43) + (18 - (-4 - -18)).
-31
What is the value of 62 - (55 + -7) - -13?
27
-3 + (53 - (105 - 54))
-1
What is the value of 12 + 0 - (-24 + 1 + 155 + -153)?
33
Calculate 16 + 50 + -53 - (3 + -6 + 3 - 1).
14
Evaluate 2 - (3 + (6 - 3)) - (69 + 2 - 64).
-11
Calculate (9 - 62) + 20 + 9 - -2.
-22
What is the value of 31 + (-23 - (-52 + 0) - -42)?
102
Calculate (-16 - -4) + (0 - -8) + -4 - (34 - -2).
-44
What is the value of -3 - 41 - (3 + -11) - (1 + 1)?
-38
((-14 - -5) + 20 + (-30 - -15) - 6) + 56
46
-52 + (-81 - -44) + 48
-41
(3 - 0) + 1 + -7 + 2206 + -2204
-1
What is 26 - 35 - (-5 - (15 - ((-6 - -7) + 6)))?
4
What is the value of -138 - (-148 - -10) - 101?
-101
Calculate 3 + (-6 - -21) + 1 + -20 - 88.
-89
What is the value of (4 - (-2 + (5 - -2))) + 57 + -24 + -18?
14
Evaluate 0 + -1 - 40 - (3 + -27 - (30 + -45)).
-32
What is (-1 - (13 - 2)) + (0 - (1 - 13))?
0
What is 2 + (5 - (40 + -14)) + 11 + 55?
47
Evaluate (-4 - (-4 + -2 - -3)) + (-72 - -98).
25
What is the value of 25 + (15 - (-4 - (11 + -37 + 7)))?
25
Evaluate (-34 + 79 - 80) + 3.
-32
What is -15 + (2 + -5 - -5) - (32 - 2)?
-43
What is -42 + 34 + 101 - 42?
51
Calculate